{"id":640,"date":"2020-11-09T11:01:35","date_gmt":"2020-11-09T10:01:35","guid":{"rendered":"https:\/\/043test.nl\/?page_id=640"},"modified":"2024-10-29T16:39:03","modified_gmt":"2024-10-29T15:39:03","slug":"mediation-met-paarden","status":"publish","type":"page","link":"https:\/\/spee-advocaten.nl\/de\/mediation-met-paarden\/","title":{"rendered":"Mediation mit Pferden"},"content":{"rendered":"<div data-elementor-type=\"wp-page\" data-elementor-id=\"640\" class=\"elementor elementor-640\" data-elementor-post-type=\"page\">\n\t\t\t\t<div class=\"elementor-element elementor-element-b3584bb e-con-full seperator-line-overlay e-flex e-con e-parent\" data-id=\"b3584bb\" data-element_type=\"container\" data-e-type=\"container\" data-settings=\"{&quot;background_background&quot;:&quot;classic&quot;}\">\n\t\t\t\t<\/div>\n\t\t<div class=\"elementor-element elementor-element-54c7f2f seperator-line-overlay e-flex e-con-boxed e-con e-parent\" data-id=\"54c7f2f\" data-element_type=\"container\" data-e-type=\"container\">\n\t\t\t\t\t<div class=\"e-con-inner\">\n\t\t<div class=\"elementor-element elementor-element-ef2f0af e-con-full e-flex e-con e-child\" data-id=\"ef2f0af\" data-element_type=\"container\" data-e-type=\"container\">\n\t\t\t\t<div class=\"elementor-element elementor-element-4036f1f elementor-widget elementor-widget-image\" data-id=\"4036f1f\" data-element_type=\"widget\" data-e-type=\"widget\" data-widget_type=\"image.default\">\n\t\t\t\t<div class=\"elementor-widget-container\">\n\t\t\t\t\t\t\t\t\t\t\t\t\t\t\t<img fetchpriority=\"high\" decoding=\"async\" width=\"800\" height=\"800\" src=\"https:\/\/spee-advocaten.nl\/wp-content\/uploads\/2023\/11\/mediation-met-paarden.jpg\" class=\"attachment-full size-full wp-image-4357\" alt=\"\" srcset=\"https:\/\/spee-advocaten.nl\/wp-content\/uploads\/2023\/11\/mediation-met-paarden.jpg 800w, https:\/\/spee-advocaten.nl\/wp-content\/uploads\/2023\/11\/mediation-met-paarden-300x300.jpg 300w, https:\/\/spee-advocaten.nl\/wp-content\/uploads\/2023\/11\/mediation-met-paarden-150x150.jpg 150w, https:\/\/spee-advocaten.nl\/wp-content\/uploads\/2023\/11\/mediation-met-paarden-768x768.jpg 768w, https:\/\/spee-advocaten.nl\/wp-content\/uploads\/2023\/11\/mediation-met-paarden-12x12.jpg 12w\" sizes=\"(max-width: 800px) 100vw, 800px\" \/>\t\t\t\t\t\t\t\t\t\t\t\t\t\t\t<\/div>\n\t\t\t\t<\/div>\n\t\t\t\t<\/div>\n\t\t<div class=\"elementor-element elementor-element-4e34e3c e-con-full e-flex e-con e-child\" data-id=\"4e34e3c\" data-element_type=\"container\" data-e-type=\"container\">\n\t\t\t\t<div class=\"elementor-element elementor-element-602f3ac elementor-widget elementor-widget-heading\" data-id=\"602f3ac\" data-element_type=\"widget\" data-e-type=\"widget\" data-widget_type=\"heading.default\">\n\t\t\t\t<div class=\"elementor-widget-container\">\n\t\t\t\t\t<h2 class=\"elementor-heading-title elementor-size-default\">Mediation mit Pferden<\/h2>\t\t\t\t<\/div>\n\t\t\t\t<\/div>\n\t\t\t\t<div class=\"elementor-element elementor-element-bfadd1e elementor-widget elementor-widget-image\" data-id=\"bfadd1e\" data-element_type=\"widget\" data-e-type=\"widget\" data-widget_type=\"image.default\">\n\t\t\t\t<div class=\"elementor-widget-container\">\n\t\t\t\t\t\t\t\t\t\t\t\t\t\t\t<img decoding=\"async\" width=\"348\" height=\"41\" src=\"https:\/\/spee-advocaten.nl\/wp-content\/uploads\/2020\/10\/seperator-spee-e1607000977873.png\" class=\"attachment-full size-full wp-image-426\" alt=\"SPEE advocaten &amp; mediation Maastricht\" srcset=\"https:\/\/spee-advocaten.nl\/wp-content\/uploads\/2020\/10\/seperator-spee-e1607000977873.png 348w, https:\/\/spee-advocaten.nl\/wp-content\/uploads\/2020\/10\/seperator-spee-e1607000977873-300x35.png 300w, https:\/\/spee-advocaten.nl\/wp-content\/uploads\/2020\/10\/seperator-spee-e1607000977873-345x41.png 345w, https:\/\/spee-advocaten.nl\/wp-content\/uploads\/2020\/10\/seperator-spee-e1607000977873-16x2.png 16w\" sizes=\"(max-width: 348px) 100vw, 348px\" \/>\t\t\t\t\t\t\t\t\t\t\t\t\t\t\t<\/div>\n\t\t\t\t<\/div>\n\t\t\t\t<div class=\"elementor-element elementor-element-fd371be elementor-widget elementor-widget-text-editor\" data-id=\"fd371be\" data-element_type=\"widget\" data-e-type=\"widget\" data-widget_type=\"text-editor.default\">\n\t\t\t\t<div class=\"elementor-widget-container\">\n\t\t\t\t\t\t\t\t\t<p style=\"text-align: left;\"><strong>Die Rolle der Pferde in der Mediation<\/strong><\/p><p style=\"text-align: left;\">Aufgrund meiner Leidenschaft f\u00fcr Pferde und meines Glaubens an Konfliktl\u00f6sung durch Mediation setze ich (Monique Spee) in manchen F\u00e4llen in meinen Mediationsverfahren Pferde ein. Dies erfolgt in Zusammenarbeit mit einem erfahrenen und zertifizierten Pferdecoach. Pferde spiegeln die (unbewusste) Ausstrahlung von Menschen und reagieren nicht auf rationale Denkprozesse. Die Mediationsteilnehmer sehen, welches Bild ihnen das Pferd zeigt, und sp\u00fcren die Energie. Dadurch erhalten sie selbst Einblick in ihre eigene Situation, die sie (unbewusst) bereits wahrgenommen haben. Dies schafft den Raum und die Freiheit, die Situation mit anderen Augen zu betrachten und anders damit umzugehen. In weiterer Folge entsteht dadurch auch Raum f\u00fcr die Konfliktl\u00f6sung.<br \/><span style=\"color: #ede0d5;\">.<\/span><br \/>Wie erw\u00e4hnt, geht es bei Mediation um die zugrunde liegenden Interessen der Parteien, aber auch um die zugrunde liegenden Hindernisse (Gef\u00fchle oder \u00dcberzeugungen, Irritationen, alte Wunden), wodurch ein Konflikt f\u00fcr die Betroffenen zun\u00e4chst als unl\u00f6sbar erscheint und sie daher den Gang vor Gericht in Erw\u00e4gung ziehen.<br \/><span style=\"color: #ede0d5;\">.<\/span><br \/>Pferde spiegeln die (unbewusste) Ausstrahlung von Menschen und reagieren nicht auf rationale Denkprozesse. Nehmen wir als Beispiel eine Mediation zwischen Arbeitgeber und Arbeitnehmer in einem Arbeitskonflikt: Wenn der Arbeitnehmer \u201adenkt\u2018, dass er gerne eine F\u00fchrungsrolle \u00fcbernehmen w\u00fcrde, aber \u201aim Inneren\u2018 noch etwas z\u00f6gerlich ist, reagiert das Pferd auf dieses z\u00f6gerliche Gef\u00fchl (Angst). Das Pferd zeigt dann ein Bild von Angst oder Unruhe, wodurch die Beteiligten mit der \u00dcbersetzung durch den Pferdecoach\/Mediator Einblick in die Ursache f\u00fcr ihre Situation bekommen. Dann wird auch klar, woher das unruhige Gef\u00fchl kommt. Dadurch k\u00f6nnen die Beteiligten konkrete Schritte in die von ihnen auch gef\u00fchlsm\u00e4\u00dfig gew\u00fcnschte Richtung setzen und es wird Verst\u00e4ndnis f\u00fcr und Einblick in die eigenen zugrunde liegenden Interessen, Gef\u00fchle und Hindernisse oder Blockaden, die der L\u00f6sung des Konflikts zuvor im Weg standen, sowie jene des Gegen\u00fcbers geschaffen.<br \/><span style=\"color: #ede0d5;\">.<\/span><br \/>Zudem zeigt ein Pferd bei einer Mediationseinheit, wo und bei wem es die meiste \u201aEnergie\u2018 gibt, ohne dass dar\u00fcber ein Werturteil (positiv\/negativ) gef\u00e4llt wird. Der Pferdecoach\/Mediator begleitet das Ganze ohne viel zu sprechen. Die Mediationsteilnehmer sehen, welches Bild ihnen das Pferd zeigt, und sp\u00fcren die Energie. Dadurch erhalten sie selbst Einblick in ihre eigene Situation, die sie (unbewusst) bereits wahrgenommen haben. Dies schafft den Raum und die Freiheit, die Situation mit anderen Augen zu betrachten und anders damit umzugehen. In weiterer Folge entsteht dadurch auch Raum f\u00fcr die Konfliktl\u00f6sung.<br \/><span style=\"color: #ede0d5;\">.<\/span><br \/>Mediation mit der Hilfe von Pferden l\u00f6st bei den Menschen viel aus, weil Pferde auf eine vorurteilsfreie Art klar Situationen und Verh\u00e4ltnisse aufzeigen. Dies gibt den Beteiligten oft eine Best\u00e4tigung dessen, was jeder unbewusst oft schon lange \u201awei\u00df\u2018. In der Regel wird dies als konfrontierend, aber auch als \u00e4u\u00dferst effektiv erlebt.<\/p>\t\t\t\t\t\t\t\t<\/div>\n\t\t\t\t<\/div>\n\t\t\t\t<\/div>\n\t\t\t\t\t<\/div>\n\t\t\t\t<\/div>\n\t\t\t\t<\/div>","protected":false},"excerpt":{"rendered":"<p>Mediation met paarden De rol van paarden in een mediation Vanuit mijn passie voor paarden in combinatie met mijn geloof in conflictoplossing door middel van mediation, zet ik (Monique Spee) in sommige gevallen in mijn mediationtrajecten paarden in, dit in samenwerking met een ervaren en gecertificeerd paardencoach. Paarden spiegelen de (onbewuste) uitstraling van mensen en [&hellip;]<\/p>\n","protected":false},"author":1,"featured_media":3236,"parent":0,"menu_order":0,"comment_status":"closed","ping_status":"closed","template":"elementor_header_footer","meta":{"footnotes":""},"landingspagina":[],"class_list":["post-640","page","type-page","status-publish","has-post-thumbnail","hentry"],"_links":{"self":[{"href":"https:\/\/spee-advocaten.nl\/de\/wp-json\/wp\/v2\/pages\/640","targetHints":{"allow":["GET"]}}],"collection":[{"href":"https:\/\/spee-advocaten.nl\/de\/wp-json\/wp\/v2\/pages"}],"about":[{"href":"https:\/\/spee-advocaten.nl\/de\/wp-json\/wp\/v2\/types\/page"}],"author":[{"embeddable":true,"href":"https:\/\/spee-advocaten.nl\/de\/wp-json\/wp\/v2\/users\/1"}],"replies":[{"embeddable":true,"href":"https:\/\/spee-advocaten.nl\/de\/wp-json\/wp\/v2\/comments?post=640"}],"version-history":[{"count":5,"href":"https:\/\/spee-advocaten.nl\/de\/wp-json\/wp\/v2\/pages\/640\/revisions"}],"predecessor-version":[{"id":5364,"href":"https:\/\/spee-advocaten.nl\/de\/wp-json\/wp\/v2\/pages\/640\/revisions\/5364"}],"wp:featuredmedia":[{"embeddable":true,"href":"https:\/\/spee-advocaten.nl\/de\/wp-json\/wp\/v2\/media\/3236"}],"wp:attachment":[{"href":"https:\/\/spee-advocaten.nl\/de\/wp-json\/wp\/v2\/media?parent=640"}],"wp:term":[{"taxonomy":"landingspagina","embeddable":true,"href":"https:\/\/spee-advocaten.nl\/de\/wp-json\/wp\/v2\/landingspagina?post=640"}],"curies":[{"name":"wp","href":"https:\/\/api.w.org\/{rel}","templated":true}]}}

<div data-elementor-type="wp-page" data-elementor-id="640" class="elementor elementor-640" data-elementor-post-type="page">
				<div class="elementor-element elementor-element-b3584bb e-con-full seperator-line-overlay e-flex e-con e-parent" data-id="b3584bb" data-element_type="container" data-e-type="container" data-settings="{&quot;background_background&quot;:&quot;classic&quot;}">
				</div>
		<div class="elementor-element elementor-element-54c7f2f seperator-line-overlay e-flex e-con-boxed e-con e-parent" data-id="54c7f2f" data-element_type="container" data-e-type="container">
					<div class="e-con-inner">
		<div class="elementor-element elementor-element-ef2f0af e-con-full e-flex e-con e-child" data-id="ef2f0af" data-element_type="container" data-e-type="container">
				<div class="elementor-element elementor-element-4036f1f elementor-widget elementor-widget-image" data-id="4036f1f" data-element_type="widget" data-e-type="widget" data-widget_type="image.default">
				<div class="elementor-widget-container">
															<img fetchpriority="high" decoding="async" width="800" height="800" src="https://spee-advocaten.nl/wp-content/uploads/2023/11/mediation-met-paarden.jpg" class="attachment-full size-full wp-image-4357" alt="" srcset="https://spee-advocaten.nl/wp-content/uploads/2023/11/mediation-met-paarden.jpg 800w, https://spee-advocaten.nl/wp-content/uploads/2023/11/mediation-met-paarden-300x300.jpg 300w, https://spee-advocaten.nl/wp-content/uploads/2023/11/mediation-met-paarden-150x150.jpg 150w, https://spee-advocaten.nl/wp-content/uploads/2023/11/mediation-met-paarden-768x768.jpg 768w, https://spee-advocaten.nl/wp-content/uploads/2023/11/mediation-met-paarden-12x12.jpg 12w" sizes="(max-width: 800px) 100vw, 800px" />															</div>
				</div>
				</div>
		<div class="elementor-element elementor-element-4e34e3c e-con-full e-flex e-con e-child" data-id="4e34e3c" data-element_type="container" data-e-type="container">
				<div class="elementor-element elementor-element-602f3ac elementor-widget elementor-widget-heading" data-id="602f3ac" data-element_type="widget" data-e-type="widget" data-widget_type="heading.default">
				<div class="elementor-widget-container">
					<h2 class="elementor-heading-title elementor-size-default">Mediation mit Pferden</h2>				</div>
				</div>
				<div class="elementor-element elementor-element-bfadd1e elementor-widget elementor-widget-image" data-id="bfadd1e" data-element_type="widget" data-e-type="widget" data-widget_type="image.default">
				<div class="elementor-widget-container">
															<img decoding="async" width="348" height="41" src="https://spee-advocaten.nl/wp-content/uploads/2020/10/seperator-spee-e1607000977873.png" class="attachment-full size-full wp-image-426" alt="SPEE advocaten &amp; mediation Maastricht" srcset="https://spee-advocaten.nl/wp-content/uploads/2020/10/seperator-spee-e1607000977873.png 348w, https://spee-advocaten.nl/wp-content/uploads/2020/10/seperator-spee-e1607000977873-300x35.png 300w, https://spee-advocaten.nl/wp-content/uploads/2020/10/seperator-spee-e1607000977873-345x41.png 345w, https://spee-advocaten.nl/wp-content/uploads/2020/10/seperator-spee-e1607000977873-16x2.png 16w" sizes="(max-width: 348px) 100vw, 348px" />															</div>
				</div>
				<div class="elementor-element elementor-element-fd371be elementor-widget elementor-widget-text-editor" data-id="fd371be" data-element_type="widget" data-e-type="widget" data-widget_type="text-editor.default">
				<div class="elementor-widget-container">
									<p style="text-align: left;"><strong>Die Rolle der Pferde in der Mediation</strong></p><p style="text-align: left;">Aufgrund meiner Leidenschaft für Pferde und meines Glaubens an Konfliktlösung durch Mediation setze ich (Monique Spee) in manchen Fällen in meinen Mediationsverfahren Pferde ein. Dies erfolgt in Zusammenarbeit mit einem erfahrenen und zertifizierten Pferdecoach. Pferde spiegeln die (unbewusste) Ausstrahlung von Menschen und reagieren nicht auf rationale Denkprozesse. Die Mediationsteilnehmer sehen, welches Bild ihnen das Pferd zeigt, und spüren die Energie. Dadurch erhalten sie selbst Einblick in ihre eigene Situation, die sie (unbewusst) bereits wahrgenommen haben. Dies schafft den Raum und die Freiheit, die Situation mit anderen Augen zu betrachten und anders damit umzugehen. In weiterer Folge entsteht dadurch auch Raum für die Konfliktlösung.<br /><span style="color: #ede0d5;">.</span><br />Wie erwähnt, geht es bei Mediation um die zugrunde liegenden Interessen der Parteien, aber auch um die zugrunde liegenden Hindernisse (Gefühle oder Überzeugungen, Irritationen, alte Wunden), wodurch ein Konflikt für die Betroffenen zunächst als unlösbar erscheint und sie daher den Gang vor Gericht in Erwägung ziehen.<br /><span style="color: #ede0d5;">.</span><br />Pferde spiegeln die (unbewusste) Ausstrahlung von Menschen und reagieren nicht auf rationale Denkprozesse. Nehmen wir als Beispiel eine Mediation zwischen Arbeitgeber und Arbeitnehmer in einem Arbeitskonflikt: Wenn der Arbeitnehmer ‚denkt‘, dass er gerne eine Führungsrolle übernehmen würde, aber ‚im Inneren‘ noch etwas zögerlich ist, reagiert das Pferd auf dieses zögerliche Gefühl (Angst). Das Pferd zeigt dann ein Bild von Angst oder Unruhe, wodurch die Beteiligten mit der Übersetzung durch den Pferdecoach/Mediator Einblick in die Ursache für ihre Situation bekommen. Dann wird auch klar, woher das unruhige Gefühl kommt. Dadurch können die Beteiligten konkrete Schritte in die von ihnen auch gefühlsmäßig gewünschte Richtung setzen und es wird Verständnis für und Einblick in die eigenen zugrunde liegenden Interessen, Gefühle und Hindernisse oder Blockaden, die der Lösung des Konflikts zuvor im Weg standen, sowie jene des Gegenübers geschaffen.<br /><span style="color: #ede0d5;">.</span><br />Zudem zeigt ein Pferd bei einer Mediationseinheit, wo und bei wem es die meiste ‚Energie‘ gibt, ohne dass darüber ein Werturteil (positiv/negativ) gefällt wird. Der Pferdecoach/Mediator begleitet das Ganze ohne viel zu sprechen. Die Mediationsteilnehmer sehen, welches Bild ihnen das Pferd zeigt, und spüren die Energie. Dadurch erhalten sie selbst Einblick in ihre eigene Situation, die sie (unbewusst) bereits wahrgenommen haben. Dies schafft den Raum und die Freiheit, die Situation mit anderen Augen zu betrachten und anders damit umzugehen. In weiterer Folge entsteht dadurch auch Raum für die Konfliktlösung.<br /><span style="color: #ede0d5;">.</span><br />Mediation mit der Hilfe von Pferden löst bei den Menschen viel aus, weil Pferde auf eine vorurteilsfreie Art klar Situationen und Verhältnisse aufzeigen. Dies gibt den Beteiligten oft eine Bestätigung dessen, was jeder unbewusst oft schon lange ‚weiß‘. In der Regel wird dies als konfrontierend, aber auch als äußerst effektiv erlebt.</p>								</div>
				</div>
				</div>
					</div>
				</div>
				</div>
